4
Let a(x) be the second derivative of x**5/10 - 2*x**4/3 - 2*x**3/3 + 3*x**2 - 291*x + 2. Let c = -2 + 8. What is the hundreds digit of a(c)?
1
Let l = -236 + 236. Suppose l = -13*z - 0*z + 130. What is the units digit of z?
0
Suppose 15 = -5*n + 8*n. Suppose -j + 77 = -3*r, 0*j + n*r = 4*j - 308. Suppose -2*x + x + j = 0. What is the tens digit of x?
7
Let c = 60373 + -25680. What is the units digit of c?
3
Let h(l) = -22*l**3 - 14*l**2 + 12*l + 24. What is the units digit of h(-6)?
0
Suppose 5*o + 139 = 6*o. Suppose 3*y - 113 = o. What is the tens digit of (-1)/(-2)*(y + 0) + 2?
4
Suppose 49*f = 52*f - 18, 2*j - 586 = -5*f. What is the hundreds digit of j?
2
Let t(h) = 7*h**2 + 5*h - 3. Let o be t(2). Let q = o + -31. What is the units digit of 1 - (-548)/12 - q/6?
6
Suppose -g + 18 = -a, -4*g + 7*g - a - 58 = 0. Suppose g*h - 12 = 14*h. What is the units digit of h?
2
Let h(x) = 4 - 31 - 5 - 20 + 211*x. What is the tens digit of h(4)?
9
Let v = -10 - -5. Let n(m) = 2*m - 20 - 2*m**2 + 4*m - 4*m - 5*m + 3*m**2. What is the units digit of n(v)?
0
Let h(t) be the second derivative of 113*t**5/60 - 5*t**4/12 - 14*t**3/3 - 24*t. Let q(x) be the second derivative of h(x). What is the hundreds digit of q(1)?
2
Suppose -7*k = -36105 + 5242. What is the tens digit of k?
0
Let c = -3877 + 6076. What is the thousands digit of c?
2
Let l = 2268 - -34701. What is the hundreds digit of l?
9
Let b(s) = s**3 + 16*s**2 + 4. Let k be b(-16). What is the tens digit of 11/((-165)/(-10311)) + k/(-10)?
8
Let k = -3575 + 8160. What is the thousands digit of k?
4
Let m(s) = 36*s**2 + 10*s - 33. Let y be m(7). Let d = y + -1030. What is the hundreds digit of d?
7
Let v(m) = m**3 + 83*m**2 + 578*m + 177. What is the tens digit of v(-67)?
7
Suppose -4 + 37 = 11*i. Suppose 2430 = 9*c - i*c. What is the units digit of c?
5
Suppose 3*d + 9 = 3*s, -2*s + d + 8 = -3*d. Suppose r + n = -2*n + 408, s*r = -4*n + 816. What is the tens digit of r?
0
Let h(m) = 98*m + 26. Let o be h(21). Suppose -4*f + 2*l = -2*f - 1026, 4*f + 4*l - o = 0. What is the tens digit of f?
1
Suppose -34032 = -4*b - 5*h, 8662 = b + 5*h + 139. What is the hundreds digit of b?
5
Suppose 0 = 8*y - 3*y - 25. Let o(i) = i**2 - 7*i + 13. Let s be o(y). Suppose -f + 469 = s*k, -6*f = -4*f + 4. What is the hundreds digit of k?
1
Let i(m) = -31 + 14 + m**2 + 7*m + 48 + 127. What is the tens digit of i(0)?
5
Let n(x) = x**2 + 3*x - 15. Let h be n(-6). Suppose -2*v - 74 = -d - 0*v, -3*d = h*v - 177. What is the tens digit of d?
6
Suppose k + 5*s = 3*k - 10, -4 = k + 2*s. Suppose 912 = -4*q - k*q. What is the units digit of 70/21*q/(-10)?
6
Let m(s) be the second derivative of s**4/12 - 23*s**3/6 + 47*s**2 + 3*s - 5. What is the tens digit of m(19)?
1
Let x(y) = 7284*y - 255. What is the units digit of x(2)?
3
Let k be (-8)/48 + 3/18. Suppose -31*y + 29*y + 4 = k. What is the tens digit of (810/(-20))/(y/(-4))?
8
Suppose -h = s - 5*h - 85, 3*s - 210 = 3*h. Suppose -2*q + 5*b + s = 3*q, q + 4*b - 8 = 0. What is the units digit of q - (3 - (0 + 7))?
6
Let t be (-67 - 1) + (0 - -3). What is the hundreds digit of (t/(-52))/(1/116)?
1
What is the units digit of 65575/6 + 72/(-432)?
9
Suppose -64 = 15*g - 139. Suppose -2*z = g*a - 790, -z + 401 = 3*a - 74. What is the hundreds digit of a?
1
Let g(v) = 42*v**2 - 2*v - 9. Let w(k) = -k**3 + 24*k**2 + 24*k + 23. Let s be w(25). What is the tens digit of g(s)?
6
Let d(m) = 14*m**2 + 2*m - 1. Let a be d(-1). Let h(r) = 3*r + 9. Let t be h(a). Let p = t + -33. What is the units digit of p?
9
What is the units digit of (-11 - -10)/(4 - 145285/36321)?
1
Let p = -51 - -66. Suppose -6*i + p + 15 = 0. Suppose -368 = -4*l + 3*h, -4*l - 92 = -i*l + 4*h. What is the tens digit of l?
9
Let o(s) = -164*s - 10 + 23 + 36 + 165*s. What is the tens digit of o(15)?
6
Let z(w) = 23*w**3 - 23*w**2 + 19*w - 206. What is the hundreds digit of z(9)?
8
Let x = -8 - -14. Suppose x*d + 5 = 77. What is the units digit of d/(-60) - 662/(-10)?
6
Let c = 4678 - 2657. Suppose -a + 2*w = -4*a + c, -w - 3364 = -5*a. What is the tens digit of a?
7
Suppose -121170 - 1152430 = -50*x. What is the ten thousands digit of x?
2
Let g = -40 + 42. Suppose 0 = g*f - f - 45. Suppose -f = -z + 43. What is the tens digit of z?
8
Let x(b) = -21*b - 4. Let n = 115 - 114. Let f be n/(-5) + 54/(-30). What is the units digit of x(f)?
8
Let f be (-202)/(-18) - 2/(-36)*-4. Let a(v) = 4*v**2 - 7*v + 43. What is the hundreds digit of a(f)?
4
Let q be (3/(-9) + 1)/(2/3867). Suppose 4*t - q = -i, 5*i = 4*t + t - 1580. What is the units digit of t?
1
What is the tens digit of -2 + 0 - (-5)/(-2)*15330/(-7)?
7
Suppose -3*h = 4*x - 15 - 18, -5*x = -2*h - 70. What is the tens digit of (428/20 - 3)/(x/150)?
3
Let r = 3753 - 3428. What is the units digit of r?
5
What is the units digit of (-6*(1523 - -10))/(-1)?
8
Let u be (((-1)/(-1))/(-2))/((-4)/40). What is the units digit of (-5)/(u - 0) - -330?
9
Suppose 6*w - 14*w = 15080. Let l = w + 2897. What is the tens digit of l?
1
Suppose 104*c - 137077 = 69363. What is the thousands digit of c?
1
Let a = -105 + 152. Suppose -f - 4 = 0, a = p + 4*p - 3*f. Suppose -i + 2*t + p = 4*t, -13 = -2*i - 3*t. What is the units digit of i?
5
Let u(m) = -179*m + 1290. What is the thousands digit of u(-39)?
8
Let x(i) = -15*i - 12*i**2 - 8 - 3 + 14*i**2. Let s be x(8). What is the tens digit of 1*-3 - 513/s?
6
Let t be 62 - (3/(-3) + 2 - 0). Suppose t*w = 56*w + 25. Suppose -5*q + 0 = 2*x - 92, 0 = -4*x - w*q + 164. What is the tens digit of x?
3
Let z(d) = -d**3 + 7*d**2 - 4*d - 7. Let p be z(6). Suppose -2*q = o + 60, -52 = p*q - 2*o + 80. Let x = q - -58. What is the units digit of x?
0
Let c be (21/2 + -13)*16/5. What is the units digit of (5 + c)*313/(-3)?
3
Let t be 1*(2/2*-3 - -490). Let s = t + -223. What is the tens digit of s?
6
Suppose -a + 2 = -5*m, 3 = 3*a + m - 3. Suppose 4*z - 4 = -3*g, -6*g + 5*z = -a*g + 5. Suppose 2*i - 3*i + 96 = g. What is the units digit of i?
6
Suppose 5*t - 3*p - 98059 = 0, -4*t + 5*p + 71093 + 7349 = 0. What is the thousands digit of t?
9
Suppose 2*o - 3445 = -4*j - o, -5*j + 4300 = 5*o. Let z = j - -183. What is the hundreds digit of z?
0
What is the tens digit of ((-16 + 1624)/12)/((-4)/(-134))?
8
What is the thousands digit of -17 + (-3020)/(-180) + (-47810)/(-9)?
5
Suppose 44*c + 43287 - 240407 = 0. What is the units digit of c?
0
Suppose 0 = 3*s - 5 - 10. Suppose s*n - 77 = 103. What is the tens digit of n/162 - 1130/(-18)?
6
Let h = -2065 - -12494. What is the units digit of h?
9
Let z be 1/(-4) + 1 + (-679)/(-28). Suppose z*f - 28*f + 6 = 0. What is the units digit of f/4 - (-5301)/38?
0
What is the ten thousands digit of (29 - (-18 + 51)) + (-2 - -45815)?
4
Suppose -2*x - 5*w = -5*x - 4, 2*x - 2 = w. Suppose -42 = -8*i + x*i. Suppose i*b - 10*b = -108. What is the units digit of b?
6
Let h = -98 + 101. Suppose 9 = o + 3*g - 6, 4*o + h*g = 60. Suppose 0 = -o*k + 115 + 350. What is the tens digit of k?
3
Suppose -4*w - a = 2*a - 22, -12 = -5*w + 4*a. Suppose -152 = -4*z - w*i, 0 = -4*z - 2*i + i + 164. Let l = z - -63. What is the units digit of l?
5
Suppose -255*r - 3944875 + 18290155 = 33*r. What is the tens digit of r?
1
Let l be (6 - 3)/(1/3). Let k be 7 - ((-18)/10)/((-3)/5). Suppose 0 = -k*q + l*q - 565. What is the units digit of q?
3
Let o be (178 + 3)*(0 - -1). Let y(q) = -22*q + 600. Let s be y(27). Suppose 0 = 3*p + 4*c - s*c - o, 0 = -2*p + 3*c + 119. What is the tens digit of p?
6
Let r(b) = 56*b**2 - 29*b + 19. What is the units digit of r(-5)?
4
Let s(v) = -42*v + 183. Let j be s(6). Let t = j - -386. What is the units digit of t?
7
Suppose 4*s - 3402 = 2*i, -28*s + 27*s + 863 = -3*i. What is the tens digit of s?
4
Suppose -3*l - 9*i + 10*i + 10 = 0, 0 = -i + 2. What is the tens digit of 276 + (l - 5) + 4?
7
Suppose 516467 = 51*t - 450646. What is the ten thousands digit of t?
1
Suppose -86*h + 44*h - 42*h + 433944 = 0. What is the units digit of h?
6
Suppose 15*r + 15335 = -1675. Let i = -669 - r. What is the units digit of i?
5
Let f = 85 + -82. Suppose -4*a = -f*c - 761, -c = -4*a + 317 + 454. What is the units digit of a?
4
Let f be 8/10*40/1. Suppose 427 - 163 = -66*b. What is the units digit of -1*f/b*1?
8
Let l = 1981 - 1201. 